{"id":50,"date":"2015-06-30T11:19:20","date_gmt":"2015-06-30T09:19:20","guid":{"rendered":"http:\/\/wydrza-przystan.pl\/?page_id=50"},"modified":"2015-07-03T18:58:20","modified_gmt":"2015-07-03T16:58:20","slug":"atrakcje-turystyczne","status":"publish","type":"page","link":"https:\/\/wydrza-przystan.pl\/index.php\/atrakcje-turystyczne\/","title":{"rendered":"Atrakcje turystyczne"},"content":{"rendered":"<p><strong>Tama Przeciwpowodziowa ko\u0142o Mirska (oddalona o 3 km)<\/strong><\/p>\n<div style=\"text-align: justify\">Obiekt zbudowany zosta\u0142 w latach 1908-10 po katastrofalnej powodzi z lipca 1897 r. Zbiornik chroni po\u0142o\u017cone miasteczko Mirsk oraz wsie Brzeziniec, Kar\u0142owiec i Wie\u017c\u0119. D\u0142uga na 1440 m i wysoka na 12,3 m zapora, zlokalizowana jest na 1700. metrze biegu D\u0142ugiego Potoku. Wi\u0119cej informacji pod adresem <a href=\"http:\/\/www.goryizerskie.pl\/?file=art&#038;art_id=1949\">http:\/\/www.goryizerskie.pl<\/a><\/div>\n<p><strong>Wie\u017ca widokowa w Mirsku i Geopark  Krobica (oddalona o 4 km)<\/strong><\/p>\n<div style=\"text-align: justify\">Wie\u017ca widokowa znajduje si\u0119 w po\u0142udniowo-zachodniej cz\u0119\u015bci Mirska i powsta\u0142a w wyniku adaptacji wie\u017cy ci\u015bnie\u0144, kt\u00f3ra funkcjonowa\u0142a w mie\u015bcie do ko\u0144ca lat 70-tych XX wieku. Wodne wie\u017ce ci\u015bnie\u0144 budowano, aby grawitacyjnie, na zasadzie naczy\u0144 po\u0142\u0105czonych, rozprowadza\u0107 do mieszka\u0144 za pomoc\u0105 ruroci\u0105g\u00f3w wod\u0119 pitn\u0105 zgromadzon\u0105 w wysokopo\u0142o\u017conym zbiorniku. Wi\u0119cej informacji pod adresem <a href=\"http:\/\/www.mirsk.pl\/pl\/article\/365\">http:\/\/www.mirsk.pl<\/a><\/div>\n<p><strong>Uzdrowisko \u015awierad\u00f3w Zdr\u00f3j \u2013 Kolej Gondolowa (oddalone o 8 km)<\/strong><\/p>\n<div style=\"text-align: justify\">Bogactwami naturalnymi, na kt\u00f3rych wykorzystaniu zbudowana zosta\u0142a ponad 250-letnia tradycja dzia\u0142alno\u015bci uzdrowiskowej s\u0105: woda mineralna, wody radonowe, \u015bwierk i borowina. Wi\u0119cej informacji pod adresem <a href=\"http:\/\/swieradowzdroj.pl\/\">http:\/\/swieradowzdroj.pl\/<\/a><\/div>\n<p><strong>Zamek Czocha (oddalony o 20 km)<\/strong><\/p>\n<div style=\"text-align: justify\">Warownia po\u0142o\u017cona jest tu\u017c nad dolin\u0105 Zalewu Kwisy (jezioro Le\u015bnia\u0144skie), ok. 4 km na wsch\u00f3d od centrum Le\u015bnej, sk\u0105d prowadzi dobrze oznakowana trasa. Z uwagi na atrakcyjne po\u0142o\u017cenie zamek Czocha stanowi dobr\u0105 baz\u0119 wypadow\u0105 do jednodniowych wycieczek w G\u00f3ry Izerskie, Karkonosze, do Czech i za granic\u0119 niemieck\u0105. Wi\u0119cej informacji pod adresem <a href=\"http:\/\/www.zamkipolskie.com\/czocha\/czocha.html\">http:\/\/www.zamkipolskie.com\/czocha\/czocha.html<\/a><\/div>\n<p><strong>Sztuczne zapory na rzece Kwisa tworz\u0105ce dwa  jeziora Z\u0142otnickie i Czocha (oddalone o 20 km)<\/strong><\/p>\n<div style=\"text-align: justify\">Jezioro Z\u0142otnickie jest jednym z najpi\u0119kniejszych zak\u0105tk\u00f3w  po\u0142udniowo-zachodniej Polski. Jest to jezioro zaporowe powsta\u0142e w 1924 roku w g\u0142\u0119bokim kanionie rzeki Kwisy. Wi\u0119cej informacji pod adresem <a href=\"http:\/\/karlowickadolina.pl\/jezioro-zlotnickie\/\">http:\/\/karlowickadolina.pl\/jezioro-zlotnickie\/<\/a><br \/>\nNa przedpolach Le\u015bnej znajduje si\u0119 pi\u0119kna, kamienna tama wysoko\u015bci 35 m i d\u0142ugo\u015bci 135 m oraz elektrownia wodna, a za tam\u0105 jezioro zwane Le\u015bnia\u0144skim lub Czocha. Jezioro mo\u017ce pomie\u015bci\u0107 15 mln m3 wody. Wi\u0119cej informacji pod adresem <a href=\"http:\/\/www.lesna.pl\/asp\/pl_start.asp?typ=14&#038;sub=10&#038;menu=32&#038;strona=1&#038;prywatnosc=tak\">http:\/\/www.lesna.pl\/<\/a>\n<\/div>\n<p><strong>Uzdrowisko Szklarska Por\u0119ba (oddalone o 25 km)<\/strong><\/p>\n<div style=\"text-align: justify\">Warunki por\u00f3wnywalne do walor\u00f3w miejscowo\u015bci alpejskich po\u0142o\u017conych na wysoko\u015bci powy\u017cej 1200m n.p.m. Doskona\u0142e miejsce dla tych, kt\u00f3rzy preferuj\u0105 aktywny wypoczynek. Wi\u0119cej informacji pod adresem <a href=\"http:\/\/www.szklarskaporeba.pl\/pl\/o-szklarskiej-porebie\/dlaczego-warto-przyjechac.html\">http:\/\/www.szklarskaporeba.pl<\/a><\/div>\n<p><strong>Termy Cieplickie Jelenia G\u00f3ra (oddalone o 35 km)<\/strong><\/p>\n<div style=\"text-align: justify\">Termy Cieplickie to nowoczesny kompleks basen\u00f3w i SPA przygotowany z my\u015bl\u0105 o ca\u0142ych rodzinach. Dzi\u0119ki wielu atrakcjom zar\u00f3wno entuzja\u015bci sportu, zabawy jak i wypoczynku znajd\u0105 tu co\u015b dla siebie. Wi\u0119cej informacji pod adresem <a href=\"http:\/\/www.termycieplickie.pl\/\">http:\/\/www.termycieplickie.pl\/<\/a><\/div>\n<p><strong>Schronisko na Stogu Izerskim i wie\u017ca widokowa na Smreku Czechy (oddalone o 10 km)<\/strong><\/p>\n<div style=\"text-align: justify\">Wie\u017ca zbudowana w 2003 roku na miejscu swojej drewnianej poprzedniczki na szczycie g\u00f3ry Smerek, w czeskiej cz\u0119sci G\u00f3r Izerskich. Wi\u0119cej informacji pod adresem <a href=\"http:\/\/nickt.pl\/smrk-1124-m-n-p-m-wieza-widokowa\/\">http:\/\/nickt.pl\/smrk-1124-m-n-p-m-wieza-widokowa\/<\/a><br \/>\nSchronisku na Stogu Izerskim. kt\u00f3re   powsta\u0142o w roku 1924 z inicjatywy Towarzystwa Karkonoskiego, a dok\u0142adniej z inicjatywy Josefa Siebelta (ze \u015brodk\u00f3w rodziny Schaffgotch) \u015bwieradowskiego lekarza, kt\u00f3ry przyby\u0142 do miasta maj\u0105c lat 21. Wi\u0119cej informacji pod adresem <a href=\"http:\/\/stogizerski.republika.pl\/schr\/\">http:\/\/stogizerski.republika.pl\/schr\/<\/a>\n<\/div>\n<p><strong>Czeskie miasto Liberec<\/strong><\/p>\n<div style=\"text-align: justify\">Miasto wielu przydomk\u00f3w \u2013 miasto sportu, miasto kultury, miasto rododendron\u00f3w, miasto architektury, miasto uniwersyteckie. Wi\u0119cej informacji pod adresem <a href=\"http:\/\/podroze.onet.pl\/ciekawe\/liberec-atrakcje-jednego-z-najpiekniejszych-miast-w-czechach\/j4vw4\">http:\/\/podroze.onet.pl<\/a><\/div>\n<p><\/p>\n<div style=\"text-align: justify\">\n<strong>i wiele innych\u2026 polecamy!<br \/>\nU NAS NIKT NIE B\u0118DZIE SI\u0118 NUDZI\u0141, A KA\u017bDY POBYT B\u0118DZIE ZA KR\u00d3TKI !!!<\/strong><\/div>\n","protected":false},"excerpt":{"rendered":"<p>Tama Przeciwpowodziowa ko\u0142o Mirska (oddalona o 3 km) Obiekt zbudowany zosta\u0142 w latach 1908-10 po katastrofalnej powodzi z lipca 1897 r. Zbiornik chroni po\u0142o\u017cone miasteczko Mirsk oraz wsie Brzeziniec, Kar\u0142owiec i Wie\u017c\u0119. D\u0142uga na 1440 m i wysoka na 12,3 m zapora, zlokalizowana jest na 1700. metrze biegu D\u0142ugiego Potoku. Wi\u0119cej informacji pod adresem http:\/\/www.goryizerskie.pl Wie\u017ca widokowa w Mirsku i [&hellip;]<\/p>\n","protected":false},"author":1,"featured_media":0,"parent":0,"menu_order":0,"comment_status":"closed","ping_status":"closed","template":"","meta":{"footnotes":""},"class_list":["post-50","page","type-page","status-publish","hentry"],"_links":{"self":[{"href":"https:\/\/wydrza-przystan.pl\/index.php\/wp-json\/wp\/v2\/pages\/50","targetHints":{"allow":["GET"]}}],"collection":[{"href":"https:\/\/wydrza-przystan.pl\/index.php\/wp-json\/wp\/v2\/pages"}],"about":[{"href":"https:\/\/wydrza-przystan.pl\/index.php\/wp-json\/wp\/v2\/types\/page"}],"author":[{"embeddable":true,"href":"https:\/\/wydrza-przystan.pl\/index.php\/wp-json\/wp\/v2\/users\/1"}],"replies":[{"embeddable":true,"href":"https:\/\/wydrza-przystan.pl\/index.php\/wp-json\/wp\/v2\/comments?post=50"}],"version-history":[{"count":22,"href":"https:\/\/wydrza-przystan.pl\/index.php\/wp-json\/wp\/v2\/pages\/50\/revisions"}],"predecessor-version":[{"id":358,"href":"https:\/\/wydrza-przystan.pl\/index.php\/wp-json\/wp\/v2\/pages\/50\/revisions\/358"}],"wp:attachment":[{"href":"https:\/\/wydrza-przystan.pl\/index.php\/wp-json\/wp\/v2\/media?parent=50"}],"curies":[{"name":"wp","href":"https:\/\/api.w.org\/{rel}","templated":true}]}}