{"id":6,"date":"2015-06-25T16:37:38","date_gmt":"2015-06-25T14:37:38","guid":{"rendered":"http:\/\/wydrza-przystan.pl\/?page_id=6"},"modified":"2021-10-31T23:04:20","modified_gmt":"2021-10-31T22:04:20","slug":"wydrza-przystan","status":"publish","type":"page","link":"https:\/\/wydrza-przystan.pl\/","title":{"rendered":"Wydrza Przysta\u0144"},"content":{"rendered":"<div style=\"text-align: justify;\">\n<p>\u201e<a href=\"http:\/\/wydrza-przystan.pl\/index.php\/galeria\/\">Wydrza-Przysta\u0144<\/a>&#8221; to nowo powsta\u0142y dom (wybudowany w latach 2012-2015) po\u0142o\u017cony na 2,5 hektarowej dzia\u0142ce\u00a0w malowniczej i zacisznej wsi Ml\u0105dz, w\u015br\u00f3d zieleni \u0142\u0105k i las\u00f3w u podn\u00f3\u017ca G\u00f3r Izerskich, odleg\u0142ej zaledwie 3 km od miasta gminnego Mirsk. Budynek zosta\u0142 tak zaprojektowany, aby nasi go\u015bcie czuli si\u0119 w nim jak u siebie w domu. Oferujemy niezale\u017cne i nieskr\u0119powane <strong><a style=\"color: #000000;\" href=\"https:\/\/meteor-turystyka.pl\/noclegi,dolny-slask,58.html\">miejsca noclegowe na Dolnym \u015al\u0105sku<\/a><\/strong> &#8211; apartamenty posiadaj\u0105 oddzielne wej\u015bcia.<\/p>\n<p>Do dyspozycji go\u015bci s\u0105 trzy dobrze wyposa\u017cone <a href=\"http:\/\/wydrza-przystan.pl\/index.php\/apartamenty\/\">apartamenty<\/a>:<\/p>\n<ul>\n<li><a href=\"http:\/\/wydrza-przystan.pl\/index.php\/apartamenty\/apartament-kawowy\/\">APARTAMENT KAWOWY<\/a> \u2014 parter,<\/li>\n<li><a href=\"http:\/\/wydrza-przystan.pl\/index.php\/apartamenty\/apartament-limonkowy\/\">APARTAMENT LIMONKOWY<\/a> \u2014 I pi\u0119tro,<\/li>\n<li><a href=\"http:\/\/wydrza-przystan.pl\/index.php\/apartamenty\/apartament-wrzosowy\/\">APARTAMENT WRZOSOWY<\/a> \u2014 I pi\u0119tro.<\/li>\n<\/ul>\n<p>Ka\u017cdy apartament sk\u0142ada si\u0119 z salonu, sypialni i \u0142azienki. Go\u015bciom proponujemy mo\u017cliwo\u015b\u0107 ca\u0142odziennego wy\u017cywienia, domowe posi\u0142ki z wiejskich produkt\u00f3w, do dyspozycji jest tak\u017ce du\u017ca sala kominkowa 56 m<sup>2<\/sup> \u2014 mo\u017cliwo\u015b\u0107 organizowania imprez integracyjnych i okoliczno\u015bciowych na 40 os\u00f3b. Z okien apartament\u00f3w rozci\u0105ga si\u0119 przepi\u0119kny widok na G\u00f3ry Izerskie.<\/p>\n<p>Na terenie dzia\u0142ki posiadamy staw rybny, w kt\u00f3rym nasi Go\u015bcie mog\u0105 \u0142owi\u0107 ryby oraz du\u017ce oczko wodne z kolorowymi rybkami. Wydrza-Przysta\u0144 to nie tylko doskona\u0142e miejsce na relaks we dwoje na \u0142onie natury, wyjazd i grillowanie z gronem przyjaci\u00f3\u0142, ale te\u017c wspania\u0142a baza wypadowa do pobliskich kurort\u00f3w uzdrowiskowych: \u015awierad\u00f3w Zdr\u00f3j (8 km), Szklarska Por\u0119ba (25 km), Karpacz (50 km).<\/p>\n<p>Do dyspozycji go\u015bci s\u0105 te\u017c 4 rowery, na kt\u00f3rych mo\u017cna organizowa\u0107 bardzo ciekawe wycieczki po atrakcjach turystycznych w najbli\u017cszej okolicy, w tym: wie\u017ca widokowa Mirsk (4 km), Sztolnie G\u00f3rnicze \u2014 Gierczyn (4 km), dwa jeziora \u201eZ\u0142otnickie\u201d doskonale znane cho\u0107by z kr\u0119conych tam film\u00f3w \u201eGdzie jest Genera\u0142\u201d i \u201eTwierdza Szyfr\u00f3w\u201d oraz przepi\u0119kny Zamek Czocha (15 km).<\/p>\n<p>Nasz dom to te\u017c doskona\u0142a baza wypadowa za granic\u0119 m. in. do Czech (10 km), Niemiec (50 km) \u2014 istnieje mo\u017cliwo\u015b\u0107 organizacji wycieczek grupowych do Pragi czy te\u017c Drezna.<\/p>\n<\/div>\n\n\n\n<figure class=\"wp-block-embed-youtube wp-block-embed is-type-video is-provider-youtube wp-embed-aspect-16-9 wp-has-aspect-ratio\"><div class=\"wp-block-embed__wrapper\">\n<iframe loading=\"lazy\" title=\"Wydrza Przysta\u0144\" width=\"860\" height=\"484\" src=\"https:\/\/www.youtube.com\/embed\/7WHsJuhuRcc?feature=oembed\" frameborder=\"0\" allow=\"accelerometer; autoplay; clipboard-write; encrypted-media; gyroscope; picture-in-picture\" allowfullscreen><\/iframe>\n<\/div><\/figure>\n","protected":false},"excerpt":{"rendered":"<p>\u201eWydrza-Przysta\u0144&#8221; to nowo powsta\u0142y dom (wybudowany w latach 2012-2015) po\u0142o\u017cony na 2,5 hektarowej dzia\u0142ce\u00a0w malowniczej i zacisznej wsi Ml\u0105dz, w\u015br\u00f3d zieleni \u0142\u0105k i las\u00f3w u podn\u00f3\u017ca G\u00f3r Izerskich, odleg\u0142ej zaledwie 3 km od miasta gminnego Mirsk. Budynek zosta\u0142 tak zaprojektowany, aby nasi go\u015bcie czuli si\u0119 w nim jak u siebie w domu. Oferujemy niezale\u017cne i nieskr\u0119powane miejsca noclegowe na Dolnym [&hellip;]<\/p>\n","protected":false},"author":1,"featured_media":0,"parent":0,"menu_order":0,"comment_status":"closed","ping_status":"closed","template":"","meta":{"footnotes":""},"class_list":["post-6","page","type-page","status-publish","hentry"],"_links":{"self":[{"href":"https:\/\/wydrza-przystan.pl\/index.php\/wp-json\/wp\/v2\/pages\/6","targetHints":{"allow":["GET"]}}],"collection":[{"href":"https:\/\/wydrza-przystan.pl\/index.php\/wp-json\/wp\/v2\/pages"}],"about":[{"href":"https:\/\/wydrza-przystan.pl\/index.php\/wp-json\/wp\/v2\/types\/page"}],"author":[{"embeddable":true,"href":"https:\/\/wydrza-przystan.pl\/index.php\/wp-json\/wp\/v2\/users\/1"}],"replies":[{"embeddable":true,"href":"https:\/\/wydrza-przystan.pl\/index.php\/wp-json\/wp\/v2\/comments?post=6"}],"version-history":[{"count":35,"href":"https:\/\/wydrza-przystan.pl\/index.php\/wp-json\/wp\/v2\/pages\/6\/revisions"}],"predecessor-version":[{"id":469,"href":"https:\/\/wydrza-przystan.pl\/index.php\/wp-json\/wp\/v2\/pages\/6\/revisions\/469"}],"wp:attachment":[{"href":"https:\/\/wydrza-przystan.pl\/index.php\/wp-json\/wp\/v2\/media?parent=6"}],"curies":[{"name":"wp","href":"https:\/\/api.w.org\/{rel}","templated":true}]}}